-y**3/3 + 5*y**2/2 - 2*y. Calculate i(a).
-3
Let t(o) = -8*o**2 - 8*o - 6. Suppose 0 = 5*n - k + 5, 4*n + 48*k + 4 = 51*k. What is t(n)?
-6
Let o(k) = -13*k**2 + 4*k - 4. Suppose 32 + 7 = 155*h - 116. What is o(h)?
-13
Let y(a) = -a**3 + 5*a**2 - 4. Suppose 4 = 4*g, 3*g + 261 - 248 = 4*w. Calculate y(w).
12
Let x(k) = -2*k + 140 - 11 - 5*k - 29 - 25. Calculate x(10).
5
Let b(o) = 10*o - 57. Suppose 2*c - 13 = i, -5*c - 1005*i = -1001*i. Calculate b(c).
-17
Let m(v) = v + 8. Suppose -117 + 31 = -3*h + 5*k, -5*h - k + 134 = 0. Suppose 0 = 2*t - 5*t - 108. Let r = h + t. Give m(r).
-1
Let d(p) be the third derivative of 0*p + 0 + 1/60*p**5 + 5*p**2 - 1/8*p**4 - 1/2*p**3 + 1/40*p**6. Suppose -2 = n - 0*n. What is d(n)?
-17
Let a(u) = -u**3 - 9*u**2 - 8*u + 2. Let w = -41 - -41. Suppose -s = -4*p - w*p - 148, 2*p + 3*s + 60 = 0. Let d be 282/p + (-2)/12. What is a(d)?
2
Let d(f) = 32*f**3 - f**2 - 14*f + 7. Let x(m) = 19*m**3 - 6*m + 3. Let v(w) = -3*d(w) + 5*x(w). Calculate v(4).
26
Let p(k) = k**2 - 17*k + 32. Let u = -1958 + 1971. What is p(u)?
-20
Let u(r) = -180*r**2 - 5*r + 5. Suppose -2 = -2*k + w + 5, w = 5*k - 13. Let b(q) = -46*q**2 - q + 1. Let f(m) = k*u(m) - 9*b(m). Determine f(1).
54
Let d(m) be the first derivative of m**3/3 + 2*m**2 - 5*m - 26. Suppose 58*y - 25*y + 132 = 0. Calculate d(y).
-5
Let z(y) = -y**2 + 35*y + 108. Let d be z(38). Let i(n) = -n**3 - 8*n**2 - 13*n + 5. What is i(d)?
11
Let n = 24 + -15. Let q(s) = -12524*s + 1 - 12565*s + 25090*s. What is q(n)?
10
Let j(z) be the first derivative of -z**3/3 + 3*z**2 + 2*z - 29. Let r = -99 + 104. What is j(r)?
7
Let c be 15/(-2) - 1/2. Let r(k) be the second derivative of -3/2*k**3 - 11/2*k**2 + 0 + 7/12*k**4 + 29*k + 1/20*k**5. Determine r(c).
-3
Let b be 8/28 - (-1 - 2/(-7)). Let c be -3 + 4 - (-2)/b. Let k(j) = 0*j**2 + 2*j - 4 + 77*j**3 - 4*j**2 - 76*j**3. Calculate k(c).
-7
Let k(w) = -5 - 16*w**2 - 6 + 2*w + 5. Let q(r) = 3*r**2 + r. Let g(v) = -k(v) - 5*q(v). Determine g(4).
-6
Suppose 2*m = 3*m - 3*n - 10, 0 = -m + n + 10. Suppose -437*g + 432*g = m. Let q(t) = -2*t - 4. Determine q(g).
0
Let m(n) = 29*n**2 + 11*n + 3. Let q(g) = 22*g**2 + 10*g + 2. Let t(j) = 5*m(j) - 6*q(j). Determine t(1).
11
Let o(l) = -l + 4. Let s be o(1). Suppose 0*h + h + s*v - 14 = 0, -19 = -5*h + 2*v. Let q(n) = n - 5. Let i(c) = 2*c - 9. Let x(r) = 3*i(r) - 5*q(r). Give x(h).
3
Let t(y) = -5*y**3 - 14*y**2 + 19*y - 9. Let d(r) = -7*r**3 - 15*r**2 + 22*r - 9. Let b(k) = 3*d(k) - 4*t(k). Calculate b(10).
9
Let d(g) = g**3 + 3*g**2 + 2*g + 9. Let l = -4628 + 4624. Give d(l).
-15
Suppose -2*l + 4*j + 4 = 0, -7*j = l - 2*j - 30. Let k(a) be the second derivative of a**3/6 - 6*a**2 - 262*a + 7. Calculate k(l).
-2
Let s(p) = p**3 + 8*p**2 - 6*p - 4. Let d(l) = l**3 + l**2 - l - 1. Let f(j) = 6*d(j) - s(j). Let x = 24613 + -24611. Calculate f(x).
30
Let c(z) = 6*z + 2. Let h be 195*((-22)/3 - -6). Let b = h + 262. Determine c(b).
14
Let d(k) = k**2 - 14*k + 3. Suppose -37*h - 351 + 795 = 0. Give d(h).
-21
Let o(l) = 208*l - 8 + 76*l + 2 - 6*l**2 - 295*l - l**3. Determine o(-4).
6
Suppose -3*f + 4 = -f. Let u(o) = -14 - f*o + 0*o + 10. Determine u(-4).
4
Let q(t) = -t - 15. Suppose -4*l - 4*n - 23 + 211 = 0, l + 5*n - 27 = 0. Let v = 54 - l. Suppose 4 = h + 9, 0 = s - v*h - 2. Calculate q(s).
-7
Let t(j) = -j**2 - 7*j - 6. Let h(q) = 189*q**2 + 195*q**2 - q**3 + 19*q - 11 + 189*q**2 - 574*q**2. Let v be h(-5). Give t(v).
0
Let n(f) = -119*f + 128 - 130 + 104*f. Determine n(-3).
43
Let w = 55320 - 55314. Let h(l) be the third derivative of l**4/8 - 3*l**3/2 - l**2. Give h(w).
9
Let i(m) = 22 - 38*m + 10 + 30*m. Let w(y) = -3*y + 11. Let c(x) = -6*i(x) + 17*w(x). Suppose 5*v = 3*f - 12, 2*f - v - 8 = 4*v. Give c(f).
-17
Let q(a) be the third derivative of 0 + 1/15*a**5 + 0*a - 1/24*a**4 - 1/3*a**3 + 251*a**2. Determine q(-3).
37
Let h = 8750 - 8749. Let p(v) = -23*v**2 - 3*v + 4. Determine p(h).
-22
Let i(x) = 42*x + 41. Let f(o) = 15*o + 14. Let v(k) = 17*f(k) - 6*i(k). Determine v(-1).
-11
Let n(h) = 2*h**3 + 5*h**2 - 16*h - 12. Let o(q) = q**3 - q**2 - 3*q - 2. Let z(c) = n(c) - 3*o(c). Determine z(7).
-6
Let c(l) = -2*l**3 + 17*l**2 + 13*l - 20. Let f(h) = -3*h**3 + 18*h**2 + 13*h - 19. Let j(z) = -4*c(z) + 3*f(z). Give j(-13).
23
Let h = 9713 - 9713. Let t(l) be the third derivative of -1/12*l**4 + h*l - 54*l**2 + 0 + 1/2*l**3. What is t(-7)?
17
Let i(u) be the first derivative of -u**2 - 6*u + 1290. Calculate i(0).
-6
Suppose 385*l - 383*l = 6. Let b(j) = 40*j - 84*j + 6*j**2 + 39*j + 5 + 2 - j**l - 1. What is b(5)?
6
Suppose -37*b + 18000 = -12*b - 7*b. Let c(h) = h**2 + 2*h - 1. Let n be c(-3). Let u(l) = b*l**2 - l + 2*l**3 + 3*l**3 - 1000*l**n. What is u(-1)?
-4
Let i(n) = -n**3 - n + 2. Let h be i(1). Let s(q) = h*q - 8 + q + 3*q - 3*q. Calculate s(7).
-1
Let b(u) = -5693*u - 2*u**2 + 11392*u - 1 + u**3 - 5702*u. Suppose 0 = -4*g + 146 - 50. Suppose 2*m + m + 3*k - g = 0, m + 5*k - 28 = 0. Calculate b(m).
-1
Suppose -5 + 1 = 4*n. Let p(t) = -t**3 + 2*t**2 + 11*t + 4. Let r be p(-2). Let s = r + n. Let w(l) = l**2 - l - 4. What is w(s)?
8
Let a(f) = -4*f**2 + f - 5. Suppose 0 = 16957*k - 16966*k - 27. Determine a(k).
-44
Let f(h) = 5*h**2 + 7 - h + h**3 + h**2 + 4*h - 15. Let t be f(-4). Suppose -t = 8*j - 4*j. Let r(q) = -q**3 - q**2 + 5*q + 2. Give r(j).
5
Let d(j) = -5*j - 8. Let v(g) = 6*g + 14. Let q(h) = 3*d(h) + 2*v(h). Let a = 8 + 7. Suppose 5 = a*n - 14*n. Give q(n).
-11
Let y(b) = b**2 + 6*b + 8. Let n be y(-6). Let v(w) be the third derivative of -w**3 - 7/60*w**5 + 0 - 6*w**2 + 2*w + 1/120*w**6 - 7/24*w**4. Determine v(n).
2
Suppose 0 = -32*n + 27*n + 140. Suppose 130 = n*m + 18. Let l(i) = i**3 - 2*i**2 + 2*i - 2. Determine l(m).
38
Let n(g) be the third derivative of -25*g**4/24 - 97*g**3/6 - g**2 - 580*g + 1. Calculate n(-5).
28
Let j(c) be the first derivative of c**3/3 + c**2 + 2*c - 11. Let y be j(-1). Let g(t) = -5 + 4 + 30*t + 18*t - 36*t. Determine g(y).
11
Let k(w) = 113329 - 113567 - 7*w - 8*w - w + 2*w. Determine k(-17).
0
Let f = -15 - -8. Let b = -136 + 145. Let j(r) = -b*r + 7*r**3 - 3*r**2 - 8 - 5*r**2 - 8*r**3. What is j(f)?
6
Let h(u) = u**3 + u**2. Let d(y) = 3*y**3 - 8*y**2 + 14*y + 15. Let s(r) = -d(r) + 4*h(r). Let j = 6414 + -6427. Determine s(j).
-2
Let s = 17523 + -17526. Let g(c) = -7*c**2 - 7*c - 10. Calculate g(s).
-52
Let t(c) = c + 1. Let x(w) = 5*w + 5. Let s(a) = 6*t(a) - x(a). Let y be 2 + (3 + 15/3 - 2). Suppose 0 = -5*n - 3*n - y. Calculate s(n).
0
Let a(v) = -53*v - 20. Let f(q) = 14*q + 5. Let u(l) = 4*a(l) + 15*f(l). Give u(-4).
3
Let f(v) = 2*v**2 - 12*v - 1. Let i(z) = 3*z**2 - 18*z - 1. Let b(s) = 7*f(s) - 5*i(s). Let p = -3236 + 3240. Calculate b(p).
6
Let f(w) = 6*w**2 + 15*w - 104. Let u(z) = 4*z**2 + 21*z - 103. Let n(k) = 3*f(k) - 4*u(k). What is n(3)?
1
Suppose -3*a + 2 = -5*a. Let q(r) = 1324*r + 5. Let c(b) = 827*b + 3. Let i(h) = -8*c(h) + 5*q(h). Give i(a).
-3
Let b be (-136)/2584 - (-115)/19. Let g(y) = -2*y**2 + 11*y + 3. Let k(w) = -w**2 + 6*w + 2. Let z(f) = -2*g(f) + 5*k(f). Calculate z(b).
16
Let z(o) = 13*o - 119. Let m(l) = 3*l**2 - 15*l + 27. Let j be m(3). Calculate z(j).
-2
Let q be (-12)/2*(-714)/(-612). Let p(l) = 14*l + 104. What is p(q)?
6
Let p(x) = 3*x**2 + 4*x + 2. Let g(j) = -6*j**2 - 7*j - 3. Let o(u) = 3*g(u) + 5*p(u). Let i = -40694 + 40696. Determine o(i).
-13
Let v(a) be the third derivative of a**4/6 + 79*a**3/6 - 1317*a**2. Give v(-20).
-1
Let t(x) = 1 + 3*x**2 - 2 + 0 - 1 - 2*x**3. Let o(a) = -95*a - 572. Let j be o(-6). Give t(j).
26
Suppose 11*b = 7*b + 96. Let q = b + -23. Let x(w) = q - 146*w**2 + 148*w**2 - 3*w + w. Calculate x(1).
1
Let j(u) be the third derivative of u**5/60 - 23*u**4/12 - 8*u**3 - 17*u**2 + 12. Calculate j(47).
-1
Let c(p) = -4*p + 6. Let t be 0*(-6)/24 + -2 + -2. Let r(x) = x**2 - 2*x - 19. Let k be r(t). Calculate c(k).
-14
Let k(h) = h**3 + 6*h**2 - 11*h - 10. Suppose 3*q + 1413 - 1653 = 0. Suppose 0 = -92*u + q*u - 84. Calculate k(u).
18
Let o = -44 - -53. Suppose 0 = -4*l + 7*l - o. Let t(a) = -3*a**2 - a**l + 10*a**2 + 4*a - 9*a**2 - 2*a**2 + 2. Determine t(-5).
7
Let h(m) = 57*m - 185. Let v(w) = -30*w + 93. Let f(c) = -4*h(c) - 7*v(c). Let p be f(5). Let j(l) = 10*